{"id":833,"date":"2020-06-07T22:05:05","date_gmt":"2020-06-08T02:05:05","guid":{"rendered":"https:\/\/www.spaoneandonly.cl\/productos\/?post_type=product&#038;p=833"},"modified":"2024-02-07T15:24:40","modified_gmt":"2024-02-07T18:24:40","slug":"age-interrupter","status":"publish","type":"product","link":"https:\/\/www.spaoneandonly.cl\/productos\/item\/age-interrupter\/","title":{"rendered":"A.G.E. Interrupter"},"content":{"rendered":"<p>Una de las causas principales del envejecimiento visible es la glicaci\u00f3n, que se produce cuando un exceso de glucosa se combina con las fibras de col\u00e1geno y elastina y desencadena la formaci\u00f3n de los productos finales de la glicaci\u00f3n avanzada<strong> (A.G.E.)<\/strong> que rigidifican las fibras de col\u00e1geno haciendo que \u00e9stas pierdan su actividad.<\/p>\n","protected":false},"excerpt":{"rendered":"<p>Cont. 50 ml.<\/p>\n<p>Combate los signos del envejecimiento, como la p\u00e9rdida de firmeza y las arrugas profundas.<\/p>\n","protected":false},"featured_media":834,"comment_status":"open","ping_status":"closed","template":"","meta":[],"product_cat":[132,126,112,27],"product_tag":[177,172,168,167,165,171,166,164],"class_list":{"0":"post-833","1":"product","2":"type-product","3":"status-publish","4":"has-post-thumbnail","6":"product_cat-aceites-y-cremas-anti-edad-cuidado-facial","7":"product_cat-anti-edad","8":"product_cat-cuidado-facial","9":"product_cat-skinceuticals","10":"product_tag-anti-edad","11":"product_tag-dia-noche","12":"product_tag-grasa","13":"product_tag-mixta","14":"product_tag-normal","15":"product_tag-piel-madura","16":"product_tag-seca","17":"product_tag-sensible","19":"first","20":"outofstock","21":"shipping-taxable","22":"purchasable","23":"product-type-simple"},"_links":{"self":[{"href":"https:\/\/www.spaoneandonly.cl\/productos\/wp-json\/wp\/v2\/product\/833","targetHints":{"allow":["GET"]}}],"collection":[{"href":"https:\/\/www.spaoneandonly.cl\/productos\/wp-json\/wp\/v2\/product"}],"about":[{"href":"https:\/\/www.spaoneandonly.cl\/productos\/wp-json\/wp\/v2\/types\/product"}],"replies":[{"embeddable":true,"href":"https:\/\/www.spaoneandonly.cl\/productos\/wp-json\/wp\/v2\/comments?post=833"}],"wp:featuredmedia":[{"embeddable":true,"href":"https:\/\/www.spaoneandonly.cl\/productos\/wp-json\/wp\/v2\/media\/834"}],"wp:attachment":[{"href":"https:\/\/www.spaoneandonly.cl\/productos\/wp-json\/wp\/v2\/media?parent=833"}],"wp:term":[{"taxonomy":"product_cat","embeddable":true,"href":"https:\/\/www.spaoneandonly.cl\/productos\/wp-json\/wp\/v2\/product_cat?post=833"},{"taxonomy":"product_tag","embeddable":true,"href":"https:\/\/www.spaoneandonly.cl\/productos\/wp-json\/wp\/v2\/product_tag?post=833"}],"curies":[{"name":"wp","href":"https:\/\/api.w.org\/{rel}","templated":true}]}}