{"id":825,"date":"2020-06-07T21:14:48","date_gmt":"2020-06-08T01:14:48","guid":{"rendered":"https:\/\/www.spaoneandonly.cl\/productos\/?post_type=product&#038;p=825"},"modified":"2026-04-29T09:34:41","modified_gmt":"2026-04-29T13:34:41","slug":"discoloration-defense","status":"publish","type":"product","link":"https:\/\/www.spaoneandonly.cl\/productos\/item\/discoloration-defense\/","title":{"rendered":"Discoloration Defense"},"content":{"rendered":"<p>Discoloration Defense es un corrector de manchas de uso diario cl\u00ednicamente comprobado para reducir la aparici\u00f3n de tipos clave de hiperpigmentaci\u00f3n de la piel, incluidas las formas dif\u00edciles de tratar, como melasma y marcas posteriores al acn\u00e9 (hiperpigmentaci\u00f3n post-inflamatoria).<\/p>\n","protected":false},"excerpt":{"rendered":"<p>Cont. 30 ml.<\/p>\n<p>Se enfoca en la decoloraci\u00f3n de la piel y las marcas posteriores al acn\u00e9.<\/p>\n","protected":false},"featured_media":3160,"comment_status":"open","ping_status":"closed","template":"","meta":[],"product_cat":[126,112,127,27],"product_tag":[174,172,168,179,167,165,170,171,166,164],"class_list":{"0":"post-825","1":"product","2":"type-product","3":"status-publish","4":"has-post-thumbnail","6":"product_cat-anti-edad","7":"product_cat-cuidado-facial","8":"product_cat-serums-anti-edad-cuidado-facial","9":"product_cat-skinceuticals","10":"product_tag-dia","11":"product_tag-dia-noche","12":"product_tag-grasa","13":"product_tag-manchas","14":"product_tag-mixta","15":"product_tag-normal","16":"product_tag-piel-joven","17":"product_tag-piel-madura","18":"product_tag-seca","19":"product_tag-sensible","21":"first","22":"outofstock","23":"sale","24":"shipping-taxable","25":"purchasable","26":"product-type-simple"},"_links":{"self":[{"href":"https:\/\/www.spaoneandonly.cl\/productos\/wp-json\/wp\/v2\/product\/825","targetHints":{"allow":["GET"]}}],"collection":[{"href":"https:\/\/www.spaoneandonly.cl\/productos\/wp-json\/wp\/v2\/product"}],"about":[{"href":"https:\/\/www.spaoneandonly.cl\/productos\/wp-json\/wp\/v2\/types\/product"}],"replies":[{"embeddable":true,"href":"https:\/\/www.spaoneandonly.cl\/productos\/wp-json\/wp\/v2\/comments?post=825"}],"wp:featuredmedia":[{"embeddable":true,"href":"https:\/\/www.spaoneandonly.cl\/productos\/wp-json\/wp\/v2\/media\/3160"}],"wp:attachment":[{"href":"https:\/\/www.spaoneandonly.cl\/productos\/wp-json\/wp\/v2\/media?parent=825"}],"wp:term":[{"taxonomy":"product_cat","embeddable":true,"href":"https:\/\/www.spaoneandonly.cl\/productos\/wp-json\/wp\/v2\/product_cat?post=825"},{"taxonomy":"product_tag","embeddable":true,"href":"https:\/\/www.spaoneandonly.cl\/productos\/wp-json\/wp\/v2\/product_tag?post=825"}],"curies":[{"name":"wp","href":"https:\/\/api.w.org\/{rel}","templated":true}]}}