{"id":594,"date":"2020-06-03T14:30:16","date_gmt":"2020-06-03T18:30:16","guid":{"rendered":"https:\/\/www.spaoneandonly.cl\/productos\/?post_type=product&#038;p=594"},"modified":"2026-01-05T14:12:02","modified_gmt":"2026-01-05T17:12:02","slug":"crema-real-pro-resiliencia-comfort","status":"publish","type":"product","link":"https:\/\/www.spaoneandonly.cl\/productos\/item\/crema-real-pro-resiliencia-comfort\/","title":{"rendered":"Crema Real Pro-Resiliencia Comfort"},"content":{"rendered":"<p>Crema Real Pro-Resiliencia de textura ligera, protege cada d\u00eda a la piel de los da\u00f1os que el estr\u00e9s externo provoca, la piel renueva su capacidad natural de protecci\u00f3n frente a las agresiones, recuperando su \u201c\u00f3ptima resiliencia\u201d, es decir, es menos sensible a las agresiones externas y se recupera de ellas con mayor rapidez.<\/p>\n","protected":false},"excerpt":{"rendered":"<p>Cont. 50 ml.<\/p>\n<p>Crema para pieles normales que preserva la juventud y belleza de la piel.<\/p>\n","protected":false},"featured_media":595,"comment_status":"open","ping_status":"closed","template":"","meta":[],"product_cat":[126,138,128,139,112,16],"product_tag":[177,172,165,170,171],"class_list":{"0":"post-594","1":"product","2":"type-product","3":"status-publish","4":"has-post-thumbnail","6":"product_cat-anti-edad","7":"product_cat-bloqueadores-y-polucion","8":"product_cat-cremas-anti-edad-cuidado-facial","9":"product_cat-cremas-bloqueadores-y-polucion","10":"product_cat-cuidado-facial","11":"product_cat-germaine-de-capuccini","12":"product_tag-anti-edad","13":"product_tag-dia-noche","14":"product_tag-normal","15":"product_tag-piel-joven","16":"product_tag-piel-madura","18":"first","19":"outofstock","20":"shipping-taxable","21":"purchasable","22":"product-type-simple"},"_links":{"self":[{"href":"https:\/\/www.spaoneandonly.cl\/productos\/wp-json\/wp\/v2\/product\/594","targetHints":{"allow":["GET"]}}],"collection":[{"href":"https:\/\/www.spaoneandonly.cl\/productos\/wp-json\/wp\/v2\/product"}],"about":[{"href":"https:\/\/www.spaoneandonly.cl\/productos\/wp-json\/wp\/v2\/types\/product"}],"replies":[{"embeddable":true,"href":"https:\/\/www.spaoneandonly.cl\/productos\/wp-json\/wp\/v2\/comments?post=594"}],"wp:featuredmedia":[{"embeddable":true,"href":"https:\/\/www.spaoneandonly.cl\/productos\/wp-json\/wp\/v2\/media\/595"}],"wp:attachment":[{"href":"https:\/\/www.spaoneandonly.cl\/productos\/wp-json\/wp\/v2\/media?parent=594"}],"wp:term":[{"taxonomy":"product_cat","embeddable":true,"href":"https:\/\/www.spaoneandonly.cl\/productos\/wp-json\/wp\/v2\/product_cat?post=594"},{"taxonomy":"product_tag","embeddable":true,"href":"https:\/\/www.spaoneandonly.cl\/productos\/wp-json\/wp\/v2\/product_tag?post=594"}],"curies":[{"name":"wp","href":"https:\/\/api.w.org\/{rel}","templated":true}]}}