{"id":572,"date":"2020-06-03T04:10:39","date_gmt":"2020-06-03T08:10:39","guid":{"rendered":"https:\/\/www.spaoneandonly.cl\/productos\/?post_type=product&#038;p=572"},"modified":"2025-11-05T15:50:10","modified_gmt":"2025-11-05T18:50:10","slug":"deep-nutrition","status":"publish","type":"product","link":"https:\/\/www.spaoneandonly.cl\/productos\/item\/deep-nutrition\/","title":{"rendered":"Deep Nutrition"},"content":{"rendered":"<p>Exclusiva f\u00f3rmula que nutre intensamente las pieles m\u00e1s castigadas por la deshidrataci\u00f3n, especialmente las zonas m\u00e1s secas, como codos, rodillas y talones. Posee un gran efecto reparador de larga duraci\u00f3n. Su textura extra-rica no deja residuo graso.<\/p>\n","protected":false},"excerpt":{"rendered":"<p>Cont. 200 ml.<\/p>\n<p><strong>Premio Vogue Belleza 2009<\/strong><br \/>\nNutritiva corporal confort pieles secas<\/p>\n","protected":false},"featured_media":573,"comment_status":"open","ping_status":"closed","template":"","meta":[],"product_cat":[145,143,16],"product_tag":[172,170,171,166],"class_list":{"0":"post-572","1":"product","2":"type-product","3":"status-publish","4":"has-post-thumbnail","6":"product_cat-aceites-y-cremas","7":"product_cat-cuidado-cuerpo","8":"product_cat-germaine-de-capuccini","9":"product_tag-dia-noche","10":"product_tag-piel-joven","11":"product_tag-piel-madura","12":"product_tag-seca","14":"first","15":"outofstock","16":"shipping-taxable","17":"purchasable","18":"product-type-simple"},"_links":{"self":[{"href":"https:\/\/www.spaoneandonly.cl\/productos\/wp-json\/wp\/v2\/product\/572","targetHints":{"allow":["GET"]}}],"collection":[{"href":"https:\/\/www.spaoneandonly.cl\/productos\/wp-json\/wp\/v2\/product"}],"about":[{"href":"https:\/\/www.spaoneandonly.cl\/productos\/wp-json\/wp\/v2\/types\/product"}],"replies":[{"embeddable":true,"href":"https:\/\/www.spaoneandonly.cl\/productos\/wp-json\/wp\/v2\/comments?post=572"}],"wp:featuredmedia":[{"embeddable":true,"href":"https:\/\/www.spaoneandonly.cl\/productos\/wp-json\/wp\/v2\/media\/573"}],"wp:attachment":[{"href":"https:\/\/www.spaoneandonly.cl\/productos\/wp-json\/wp\/v2\/media?parent=572"}],"wp:term":[{"taxonomy":"product_cat","embeddable":true,"href":"https:\/\/www.spaoneandonly.cl\/productos\/wp-json\/wp\/v2\/product_cat?post=572"},{"taxonomy":"product_tag","embeddable":true,"href":"https:\/\/www.spaoneandonly.cl\/productos\/wp-json\/wp\/v2\/product_tag?post=572"}],"curies":[{"name":"wp","href":"https:\/\/api.w.org\/{rel}","templated":true}]}}