{"id":3227,"date":"2024-10-14T17:45:16","date_gmt":"2024-10-14T20:45:16","guid":{"rendered":"https:\/\/www.spaoneandonly.cl\/productos\/?post_type=product&#038;p=3227"},"modified":"2026-01-02T20:34:09","modified_gmt":"2026-01-02T23:34:09","slug":"crema-facial-intense-moisture","status":"publish","type":"product","link":"https:\/\/www.spaoneandonly.cl\/productos\/item\/crema-facial-intense-moisture\/","title":{"rendered":"Crema Facial Intense Moisture"},"content":{"rendered":"<p>El Intense Moisture de Saya proporciona la m\u00e1xima nutrici\u00f3n e hidrataci\u00f3n a la piel extremadamente seca y sensible. Rico y cremoso, deja la piel suave y luminosa. Formulado con \u00e1cido hialur\u00f3nico, aceite de arg\u00e1n y aceite de rosa mosqueta para proporcionar hidrataci\u00f3n y nutrici\u00f3n duraderas. El aceite de edelweiss protege, suaviza y calma la piel.<br \/>\nIndicado para pieles secas, deshidratadas, da\u00f1adas y maduras.<br \/>\nProducto org\u00e1nico certificado. <\/p>\n<p>C\u00d3MO USAR EL INTENSE MOISTURE 75ML<br \/>\n1. Aplicaci\u00f3n: Masajee Intense Moisture sobre la piel seca.<br \/>\n2. Deje secar antes de aplicar los aceites faciales.<br \/>\n3. Aplicar ma\u00f1ana y noche.<\/p>\n<p>INGREDIENTES:<br \/>\n\u2022 Producto org\u00e1nico certificado.<br \/>\n\u2022 Fabricado con ingredientes org\u00e1nicos nativos australianos y certificados.<br \/>\n\u2022 100% vegano y libre de crueldad animal.<br \/>\n\u2022 Hecho en Australia.<br \/>\n\u2022 Formulado sin sulfatos, parabenos y ftalatos.<br \/>\n\u2022 pH equilibrado.<br \/>\n\u2022 Tama\u00f1o de la botella: 75ml.<\/p>\n<p>Aceite de Flor de Rosa Damascena*, Aceite de Flor de Citrus Aurantium Amara (Naranja Amarga)*, Sorbato de Potasio, Goma Xantana, \u00c1cido Salic\u00edlico, Tocoferol, \u00c1cido S\u00f3rbico, Glicina Aceite de Soja. *Producto org\u00e1nico certificado.\u00bb<\/p>\n","protected":false},"excerpt":{"rendered":"<p>Crema Facial Intense Moisture 75ml.<\/p>\n<p>Aceite de rosa mosqueta, \u00e1cido hialur\u00f3nico, rosa damascena y manteca de karit\u00e9.<\/p>\n<p>Nutre, Restaura y Suaviza.<\/p>\n","protected":false},"featured_media":3249,"comment_status":"open","ping_status":"closed","template":"","meta":[],"product_cat":[119,112,117,185,190],"product_tag":[],"class_list":{"0":"post-3227","1":"product","2":"type-product","3":"status-publish","4":"has-post-thumbnail","6":"product_cat-cremas-hidratacion","7":"product_cat-cuidado-facial","8":"product_cat-hidratacion","9":"product_cat-marcas","10":"product_cat-saya","12":"first","13":"instock","14":"sale","15":"shipping-taxable","16":"purchasable","17":"product-type-simple"},"_links":{"self":[{"href":"https:\/\/www.spaoneandonly.cl\/productos\/wp-json\/wp\/v2\/product\/3227","targetHints":{"allow":["GET"]}}],"collection":[{"href":"https:\/\/www.spaoneandonly.cl\/productos\/wp-json\/wp\/v2\/product"}],"about":[{"href":"https:\/\/www.spaoneandonly.cl\/productos\/wp-json\/wp\/v2\/types\/product"}],"replies":[{"embeddable":true,"href":"https:\/\/www.spaoneandonly.cl\/productos\/wp-json\/wp\/v2\/comments?post=3227"}],"wp:featuredmedia":[{"embeddable":true,"href":"https:\/\/www.spaoneandonly.cl\/productos\/wp-json\/wp\/v2\/media\/3249"}],"wp:attachment":[{"href":"https:\/\/www.spaoneandonly.cl\/productos\/wp-json\/wp\/v2\/media?parent=3227"}],"wp:term":[{"taxonomy":"product_cat","embeddable":true,"href":"https:\/\/www.spaoneandonly.cl\/productos\/wp-json\/wp\/v2\/product_cat?post=3227"},{"taxonomy":"product_tag","embeddable":true,"href":"https:\/\/www.spaoneandonly.cl\/productos\/wp-json\/wp\/v2\/product_tag?post=3227"}],"curies":[{"name":"wp","href":"https:\/\/api.w.org\/{rel}","templated":true}]}}