{"id":2841,"date":"2024-04-03T19:47:24","date_gmt":"2024-04-03T22:47:24","guid":{"rendered":"https:\/\/www.spaoneandonly.cl\/productos\/?post_type=product&#038;p=2841"},"modified":"2026-02-13T14:59:48","modified_gmt":"2026-02-13T17:59:48","slug":"hand-body-lotion","status":"publish","type":"product","link":"https:\/\/www.spaoneandonly.cl\/productos\/item\/hand-body-lotion\/","title":{"rendered":"Hand &amp; Body Lotion"},"content":{"rendered":"<p>Hand &amp; Body Lotion de Saya es una de las favoritas de todos los tiempos! Esta loci\u00f3n deja tu piel calmada, suavizada e hidratada todo el d\u00eda y la noche. Formulado con manteca de karit\u00e9, aceite de coco, aceite de almendras dulces y Aloe Vera que nutren y reponen tu piel. Delicadamente perfumado con aceites de c\u00e1scara de mandarina, pachul\u00ed, borb\u00f3n de geranio y madera de cedro.<\/p>\n<p>Apto para todo tipo de pieles.<\/p>\n<p>C\u00d3MO USAR NUESTRO HAND &amp; BODY LOTION 475ML<br \/>\n1. Aplicaci\u00f3n: Bombea la Hand &amp; Body Lotion de Saya en las manos. \u00dasalo solo o m\u00e9zclalo con tu Argan Body Oil.<br \/>\n2. Masajear sobre la piel y dejar secar.<br \/>\n3. Para obtener los m\u00e1ximos beneficios de hidrataci\u00f3n, apl\u00edcalo sobre la piel h\u00fameda despu\u00e9s de la ducha.<\/p>\n<p>INGREDIENTES<br \/>\n\u2022 Producto org\u00e1nico certificado<br \/>\n\u2022 Fabricado con ingredientes org\u00e1nicos nativos australianos y certificados.<br \/>\n\u2022 100% vegano y cruelty-free<br \/>\n\u2022 Hecho en Australia<br \/>\n\u2022 Formulado sin sulfatos, parabenos y ftalatos.<br \/>\n\u2022 pH equilibrado<br \/>\n\u2022 Formato: 500ml<\/p>\n<p>\u00c1cido salic\u00edlico, \u00e1cido s\u00f3rbico, \u00e1cido c\u00edtrico. *Producto org\u00e1nico certificado.<\/p>\n","protected":false},"excerpt":{"rendered":"<p>Mandarin Peel, Patchouli, Geranium Bourbon &amp; Cedarwood.<\/p>\n<p>Hidrata y Calma.<\/p>\n","protected":false},"featured_media":3366,"comment_status":"open","ping_status":"closed","template":"","meta":[],"product_cat":[145,143,185,190],"product_tag":[],"class_list":{"0":"post-2841","1":"product","2":"type-product","3":"status-publish","4":"has-post-thumbnail","6":"product_cat-aceites-y-cremas","7":"product_cat-cuidado-cuerpo","8":"product_cat-marcas","9":"product_cat-saya","11":"first","12":"outofstock","13":"sale","14":"shipping-taxable","15":"purchasable","16":"product-type-simple"},"_links":{"self":[{"href":"https:\/\/www.spaoneandonly.cl\/productos\/wp-json\/wp\/v2\/product\/2841","targetHints":{"allow":["GET"]}}],"collection":[{"href":"https:\/\/www.spaoneandonly.cl\/productos\/wp-json\/wp\/v2\/product"}],"about":[{"href":"https:\/\/www.spaoneandonly.cl\/productos\/wp-json\/wp\/v2\/types\/product"}],"replies":[{"embeddable":true,"href":"https:\/\/www.spaoneandonly.cl\/productos\/wp-json\/wp\/v2\/comments?post=2841"}],"wp:featuredmedia":[{"embeddable":true,"href":"https:\/\/www.spaoneandonly.cl\/productos\/wp-json\/wp\/v2\/media\/3366"}],"wp:attachment":[{"href":"https:\/\/www.spaoneandonly.cl\/productos\/wp-json\/wp\/v2\/media?parent=2841"}],"wp:term":[{"taxonomy":"product_cat","embeddable":true,"href":"https:\/\/www.spaoneandonly.cl\/productos\/wp-json\/wp\/v2\/product_cat?post=2841"},{"taxonomy":"product_tag","embeddable":true,"href":"https:\/\/www.spaoneandonly.cl\/productos\/wp-json\/wp\/v2\/product_tag?post=2841"}],"curies":[{"name":"wp","href":"https:\/\/api.w.org\/{rel}","templated":true}]}}