{"id":2236,"date":"2023-07-10T18:30:47","date_gmt":"2023-07-10T22:30:47","guid":{"rendered":"https:\/\/www.spaoneandonly.cl\/productos\/?post_type=product&#038;p=2236"},"modified":"2024-11-08T23:37:38","modified_gmt":"2024-11-09T02:37:38","slug":"sm-peel-solution","status":"publish","type":"product","link":"https:\/\/www.spaoneandonly.cl\/productos\/item\/sm-peel-solution\/","title":{"rendered":"SM Peel Solution"},"content":{"rendered":"<p>La soluci\u00f3n perfecta que previene la formaci\u00f3n de estr\u00edas y mejora su aspecto. Posee una revolucionaria estructura de activos concentrados con el innovador \u201cefecto peel\u201d.<\/p>\n<p>Las estr\u00edas se difuminan y disminuyen su tama\u00f1o, profundidad y longitud.<\/p>\n<p>Indicado para<br \/>\nPrevenir la formaci\u00f3n de estr\u00edas y a mejorar el aspecto de las ya existentes.<\/p>\n<p>F\u00f3rmula<br \/>\nCombina una revolucionaria estructura de activos concentrados (Extracto de Jud\u00eda, Rutina, Extracto de Centella Asi\u00e1tica y de Siegesbeckia Orientalis, dos p\u00e9ptidos de origen biotecnol\u00f3gico y Extracto de Soja) con el innovador \u201cefecto peel\u201d.<\/p>\n<p>Aplicaci\u00f3n<br \/>\nPara prevenir la aparici\u00f3n de las estr\u00edas: aplicar SM-Peel solution sobre las zonas vulnerables como caderas, muslos, abdomen, pechos, brazos y nalgas mediante un ligero masaje por la ma\u00f1ana y por la noche.<\/p>\n<p>Para reducir la apariencia de las estr\u00edas: masajear sobre la piel limpia con SM-Peel solution insistiendo puntualmente sobre la estr\u00eda con suaves pellizcos. Se recomienda aplicarlo varias veces al d\u00eda durante m\u00ednimo un mes.<\/p>\n","protected":false},"excerpt":{"rendered":"<p>Cont. 200ml.<\/p>\n<p>Crema correctora Estr\u00edas<\/p>\n","protected":false},"featured_media":2237,"comment_status":"open","ping_status":"closed","template":"","meta":[],"product_cat":[145,146,143,16],"product_tag":[172,169,168,167,165,170,171,166,164],"class_list":{"0":"post-2236","1":"product","2":"type-product","3":"status-publish","4":"has-post-thumbnail","6":"product_cat-aceites-y-cremas","7":"product_cat-celulitis-y-estrias","8":"product_cat-cuidado-cuerpo","9":"product_cat-germaine-de-capuccini","10":"product_tag-dia-noche","11":"product_tag-estrias","12":"product_tag-grasa","13":"product_tag-mixta","14":"product_tag-normal","15":"product_tag-piel-joven","16":"product_tag-piel-madura","17":"product_tag-seca","18":"product_tag-sensible","20":"first","21":"outofstock","22":"shipping-taxable","23":"purchasable","24":"product-type-simple"},"_links":{"self":[{"href":"https:\/\/www.spaoneandonly.cl\/productos\/wp-json\/wp\/v2\/product\/2236","targetHints":{"allow":["GET"]}}],"collection":[{"href":"https:\/\/www.spaoneandonly.cl\/productos\/wp-json\/wp\/v2\/product"}],"about":[{"href":"https:\/\/www.spaoneandonly.cl\/productos\/wp-json\/wp\/v2\/types\/product"}],"replies":[{"embeddable":true,"href":"https:\/\/www.spaoneandonly.cl\/productos\/wp-json\/wp\/v2\/comments?post=2236"}],"wp:featuredmedia":[{"embeddable":true,"href":"https:\/\/www.spaoneandonly.cl\/productos\/wp-json\/wp\/v2\/media\/2237"}],"wp:attachment":[{"href":"https:\/\/www.spaoneandonly.cl\/productos\/wp-json\/wp\/v2\/media?parent=2236"}],"wp:term":[{"taxonomy":"product_cat","embeddable":true,"href":"https:\/\/www.spaoneandonly.cl\/productos\/wp-json\/wp\/v2\/product_cat?post=2236"},{"taxonomy":"product_tag","embeddable":true,"href":"https:\/\/www.spaoneandonly.cl\/productos\/wp-json\/wp\/v2\/product_tag?post=2236"}],"curies":[{"name":"wp","href":"https:\/\/api.w.org\/{rel}","templated":true}]}}