{"id":1533,"date":"2021-05-25T15:37:30","date_gmt":"2021-05-25T19:37:30","guid":{"rendered":"https:\/\/www.spaoneandonly.cl\/productos\/?post_type=product&#038;p=1533"},"modified":"2026-04-10T03:35:23","modified_gmt":"2026-04-10T07:35:23","slug":"hyaluronic-elixir-serum-facial","status":"publish","type":"product","link":"https:\/\/www.spaoneandonly.cl\/productos\/item\/hyaluronic-elixir-serum-facial\/","title":{"rendered":"Hyaluronic Elixir | Serum Facial"},"content":{"rendered":"<p><strong>Serum Antiaging de \u00c1cido Hialur\u00f3nico.<\/strong><br \/>\nLe entrega a tu piel la hidrataci\u00f3n que necesita para mantenerse firme y saludable.<br \/>\nMinimiza arrugas, previene el envejecimiento prematuro y estimula la producci\u00f3n de col\u00e1geno.<br \/>\nEfecto relleno \/ tensor. Alta concentraci\u00f3n de \u00e1cido hialur\u00f3nico de bajo peso molecular (penetra hasta las capas m\u00e1s profundas de la piel).<br \/>\nProtege las c\u00e9lulas de la piel de la luz azul emitida por smartphones, tablets y laptops.<br \/>\nTextura ligera<br \/>\nDe r\u00e1pida absorci\u00f3n<br \/>\nLibre de aceites y fragancias artificiales<br \/>\nProducto no comedog\u00e9nico (no obstruye los poros)<br \/>\nCon pH balanceado<br \/>\n<em>* Recomendado para todo tipo de pieles.<\/em><\/p>\n","protected":false},"excerpt":{"rendered":"<p>Cont. 30 ml \/ 1 fl oz<\/p>\n","protected":false},"featured_media":3083,"comment_status":"open","ping_status":"closed","template":"","meta":[],"product_cat":[126,112,117,118,127,103],"product_tag":[177,172,180,168,167,165,170,171,166,164],"class_list":{"0":"post-1533","1":"product","2":"type-product","3":"status-publish","4":"has-post-thumbnail","6":"product_cat-anti-edad","7":"product_cat-cuidado-facial","8":"product_cat-hidratacion","9":"product_cat-serums-hidratacion","10":"product_cat-serums-anti-edad-cuidado-facial","11":"product_cat-nerea","12":"product_tag-anti-edad","13":"product_tag-dia-noche","14":"product_tag-femenino","15":"product_tag-grasa","16":"product_tag-mixta","17":"product_tag-normal","18":"product_tag-piel-joven","19":"product_tag-piel-madura","20":"product_tag-seca","21":"product_tag-sensible","23":"first","24":"instock","25":"shipping-taxable","26":"purchasable","27":"product-type-simple"},"_links":{"self":[{"href":"https:\/\/www.spaoneandonly.cl\/productos\/wp-json\/wp\/v2\/product\/1533","targetHints":{"allow":["GET"]}}],"collection":[{"href":"https:\/\/www.spaoneandonly.cl\/productos\/wp-json\/wp\/v2\/product"}],"about":[{"href":"https:\/\/www.spaoneandonly.cl\/productos\/wp-json\/wp\/v2\/types\/product"}],"replies":[{"embeddable":true,"href":"https:\/\/www.spaoneandonly.cl\/productos\/wp-json\/wp\/v2\/comments?post=1533"}],"wp:featuredmedia":[{"embeddable":true,"href":"https:\/\/www.spaoneandonly.cl\/productos\/wp-json\/wp\/v2\/media\/3083"}],"wp:attachment":[{"href":"https:\/\/www.spaoneandonly.cl\/productos\/wp-json\/wp\/v2\/media?parent=1533"}],"wp:term":[{"taxonomy":"product_cat","embeddable":true,"href":"https:\/\/www.spaoneandonly.cl\/productos\/wp-json\/wp\/v2\/product_cat?post=1533"},{"taxonomy":"product_tag","embeddable":true,"href":"https:\/\/www.spaoneandonly.cl\/productos\/wp-json\/wp\/v2\/product_tag?post=1533"}],"curies":[{"name":"wp","href":"https:\/\/api.w.org\/{rel}","templated":true}]}}