{"id":1526,"date":"2021-05-25T15:19:30","date_gmt":"2021-05-25T19:19:30","guid":{"rendered":"https:\/\/www.spaoneandonly.cl\/productos\/?post_type=product&#038;p=1526"},"modified":"2026-03-30T15:47:09","modified_gmt":"2026-03-30T18:47:09","slug":"balancing-citrus-toner-tonico-facial","status":"publish","type":"product","link":"https:\/\/www.spaoneandonly.cl\/productos\/item\/balancing-citrus-toner-tonico-facial\/","title":{"rendered":"Balancing Citrus Toner | T\u00f3nico Facial"},"content":{"rendered":"<p><strong>T\u00f3nico Equilibrante Antipoluci\u00f3n.<\/strong><br \/>\nCombina potentes antioxidantes que ayudan a prevenir y corregir los signos de envejecimiento.<br \/>\nProtege las c\u00e9lulas de la piel de la luz azul emitida por smartphones, tablets y laptops.<br \/>\nHidrata e ilumina<br \/>\nEquilibra el pH, preparando tu rostro para la aplicaci\u00f3n de nuestro serum Hyaluronic Elixir.<br \/>\nTiene un refrescante aroma 100% natural a pomelo.<br \/>\nProducto no comedog\u00e9nico (no obstruye los poros).<br \/>\n<em>* Recomendado para todo tipo de pieles<\/em><\/p>\n","protected":false},"excerpt":{"rendered":"<p>Cont. 100 ml \/ 3.3 fl oz<\/p>\n","protected":false},"featured_media":3079,"comment_status":"open","ping_status":"closed","template":"","meta":[],"product_cat":[126,112,117,124,134,103],"product_tag":[177,174,172,180,168,167,165,170,171,166,164],"class_list":{"0":"post-1526","1":"product","2":"type-product","3":"status-publish","4":"has-post-thumbnail","6":"product_cat-anti-edad","7":"product_cat-cuidado-facial","8":"product_cat-hidratacion","9":"product_cat-tonicos-y-desmaquillantes-hidratacion","10":"product_cat-tonicos-y-desmaquillantes-anti-edad-cuidado-facial","11":"product_cat-nerea","12":"product_tag-anti-edad","13":"product_tag-dia","14":"product_tag-dia-noche","15":"product_tag-femenino","16":"product_tag-grasa","17":"product_tag-mixta","18":"product_tag-normal","19":"product_tag-piel-joven","20":"product_tag-piel-madura","21":"product_tag-seca","22":"product_tag-sensible","24":"first","25":"instock","26":"shipping-taxable","27":"purchasable","28":"product-type-simple"},"_links":{"self":[{"href":"https:\/\/www.spaoneandonly.cl\/productos\/wp-json\/wp\/v2\/product\/1526","targetHints":{"allow":["GET"]}}],"collection":[{"href":"https:\/\/www.spaoneandonly.cl\/productos\/wp-json\/wp\/v2\/product"}],"about":[{"href":"https:\/\/www.spaoneandonly.cl\/productos\/wp-json\/wp\/v2\/types\/product"}],"replies":[{"embeddable":true,"href":"https:\/\/www.spaoneandonly.cl\/productos\/wp-json\/wp\/v2\/comments?post=1526"}],"wp:featuredmedia":[{"embeddable":true,"href":"https:\/\/www.spaoneandonly.cl\/productos\/wp-json\/wp\/v2\/media\/3079"}],"wp:attachment":[{"href":"https:\/\/www.spaoneandonly.cl\/productos\/wp-json\/wp\/v2\/media?parent=1526"}],"wp:term":[{"taxonomy":"product_cat","embeddable":true,"href":"https:\/\/www.spaoneandonly.cl\/productos\/wp-json\/wp\/v2\/product_cat?post=1526"},{"taxonomy":"product_tag","embeddable":true,"href":"https:\/\/www.spaoneandonly.cl\/productos\/wp-json\/wp\/v2\/product_tag?post=1526"}],"curies":[{"name":"wp","href":"https:\/\/api.w.org\/{rel}","templated":true}]}}